{"id":879,"date":"2024-12-13T21:55:21","date_gmt":"2024-12-13T21:55:21","guid":{"rendered":"https:\/\/totemstudiowarsaw.com\/?post_type=product&#038;p=879"},"modified":"2025-12-15T23:14:05","modified_gmt":"2025-12-15T23:14:05","slug":"totem-hourglass-kobalt-midi","status":"publish","type":"product","link":"https:\/\/totemstudiowarsaw.com\/index.php\/produkt\/totem-hourglass-kobalt-midi\/","title":{"rendered":"Totem Hourglass: kobalt [midi]"},"content":{"rendered":"<p><strong>Totem to rze\u017aba domowa i kolekcjonerski obiekt do wn\u0119trz<\/strong><\/p>\n<p>Totemy to wyj\u0105tkowe obiekty, kt\u00f3rym mo\u017cesz nada\u0107 w\u0142asn\u0105 intencj\u0119.<\/p>\n<p><strong>INTENCJA<\/strong><br \/>\nNa spodzie ka\u017cdego Totemu znajduje si\u0119 miejsce do wpisania kr\u00f3tkiej intencji. Podaj j\u0105 w szczeg\u00f3\u0142ach zam\u00f3wienia, a wypisz\u0119 j\u0105 dla Ciebie osobi\u015bcie. Je\u015bli potrzebujesz si\u0119 jeszcze zastanowi\u0107 i chcesz wypisa\u0107 j\u0105 p\u00f3\u017cniej, b\u0119dziesz potrzebowa\u0107 do tego bardzo cienkiego permanentnego markera. Je\u015bli si\u0119 pomylisz, nic nie szkodzi, intencj\u0119 mo\u017cesz zmieni\u0107 lub poprawi\u0107 przy pomocy patyczka kosmetycznego nas\u0105czonego perfumami, wysokoprocentowym alkoholem lub zmywaczem do paznokci.<\/p>\n<p><strong>CERTYFIKAT AUTENTYCZNO\u015aCI<\/strong><br \/>\nDo ka\u017cdego Totemu do\u0142\u0105czony jest podstemplowany certyfikat autentyczno\u015bci z miejscem na wypisanie intencji dedykowanej obiektowi.<\/p>\n<p><strong>TROSKA O TOTEM<\/strong><br \/>\nTotem nie lubi ekspozycji na wilgo\u0107 i promienie s\u0142oneczne. Mimo, \u017ce wygl\u0105dem zach\u0119ca, nie jest zabawk\u0105.<\/p>\n<p><strong>P.S. Ka\u017cdy Totem jest unikatowy, w szczeg\u00f3\u0142ach mo\u017ce r\u00f3\u017cni\u0107 si\u0119 od tego prezentowanego na zdj\u0119ciach. To dlatego, \u017ce powstaje z organicznej materii, jak\u0105 jest drewno. Niedoskona\u0142o\u015bci w strukturze czy fakturze trzeba mu wybaczy\u0107. <\/strong><\/p>\n<pre>&lt;-----------------------------------------------------------------------&gt;\r\n<strong>INFORMACJE<\/strong>\r\nKOLEKCJA: Deco\r\n<span style=\"font-size: 12pt;\">ROZMIAR: midi<\/span>\r\n<span style=\"font-size: 12pt;\">MODEL: Hourglass<\/span>\r\n<span style=\"font-size: 12pt;\">KOLOR: kobalt\r\nMATERIA\u0141: drewno bukowe lakierowane<\/span>\r\n<span style=\"font-size: 12pt;\">WYMIARY: wysoko\u015b\u0107 24,8 cm \/ \u015brednica podstawy 9,2 cm<\/span>\r\n<span style=\"font-size: 12pt;\">FILC: kolor filcu lub pianki na spodzie wybierany jest losowo<\/span><\/pre>\n<p><em>Wymy\u015blony i wyprodukowany w Polsce\ud83c\udf1e<\/em><\/p>\n","protected":false},"excerpt":{"rendered":"<p>Ten Totem malowany jest na zam\u00f3wienie. Realizacja to czas oko\u0142o tygodnia.<\/p>\n","protected":false},"featured_media":881,"template":"","meta":{"inline_featured_image":false},"product_cat":[15],"product_tag":[33,54,59,70,36,21],"class_list":["post-879","product","type-product","status-publish","has-post-thumbnail","hentry","product_cat-deco","product_tag-cobalt","product_tag-deco","product_tag-hourglass","product_tag-kobalt","product_tag-midi","product_tag-totem"],"_links":{"self":[{"href":"https:\/\/totemstudiowarsaw.com\/index.php\/wp-json\/wp\/v2\/product\/879","targetHints":{"allow":["GET"]}}],"collection":[{"href":"https:\/\/totemstudiowarsaw.com\/index.php\/wp-json\/wp\/v2\/product"}],"about":[{"href":"https:\/\/totemstudiowarsaw.com\/index.php\/wp-json\/wp\/v2\/types\/product"}],"wp:featuredmedia":[{"embeddable":true,"href":"https:\/\/totemstudiowarsaw.com\/index.php\/wp-json\/wp\/v2\/media\/881"}],"wp:attachment":[{"href":"https:\/\/totemstudiowarsaw.com\/index.php\/wp-json\/wp\/v2\/media?parent=879"}],"wp:term":[{"taxonomy":"product_cat","embeddable":true,"href":"https:\/\/totemstudiowarsaw.com\/index.php\/wp-json\/wp\/v2\/product_cat?post=879"},{"taxonomy":"product_tag","embeddable":true,"href":"https:\/\/totemstudiowarsaw.com\/index.php\/wp-json\/wp\/v2\/product_tag?post=879"}],"curies":[{"name":"wp","href":"https:\/\/api.w.org\/{rel}","templated":true}]}}