{"id":558,"date":"2023-10-24T13:45:27","date_gmt":"2023-10-24T13:45:27","guid":{"rendered":"https:\/\/totemstudiowarsaw.com\/?post_type=product&#038;p=558"},"modified":"2025-12-07T23:35:21","modified_gmt":"2025-12-07T23:35:21","slug":"totem-big-gradient","status":"publish","type":"product","link":"https:\/\/totemstudiowarsaw.com\/index.php\/produkt\/totem-big-gradient\/","title":{"rendered":"Totem Hourglass: Big Gradient"},"content":{"rendered":"<p><strong>Totem to rze\u017aba domowa i kolekcjonerski obiekt do wn\u0119trz<\/strong><\/p>\n<p>Ka\u017cdemu Totemowi mo\u017cna nada\u0107 w\u0142asn\u0105 intencj\u0119. My\u015bl, \u017cyczenie, przekaz, wspomnienie. Intencja to po prostu co\u015b, co jest\u00a0 wa\u017cne dla Ciebie lub dla osoby, kt\u00f3rej go podarujesz.<\/p>\n<p><strong>INTENCJA<\/strong><br \/>\nNa spodzie ka\u017cdego Totemu znajduje si\u0119 miejsce do wpisania kr\u00f3tkiej intencji. Je\u017celi podasz j\u0105 w szczeg\u00f3\u0142ach zam\u00f3wienia, wypisz\u0119 j\u0105 dla Ciebie osobi\u015bcie. Je\u015bli potrzebujesz jeszcze si\u0119 zastanowi\u0107 i chcesz wypisa\u0107 j\u0105 p\u00f3\u017cniej, no problemo, ale b\u0119dziesz potrzebowa\u0107 do tego bardzo cienkiego permanentnego markera (w rozmiarze S). Je\u015bli si\u0119 pomylisz, nic nie szkodzi, bo intencj\u0119 mo\u017cesz zmieni\u0107 lub poprawi\u0107 przy pomocy patyczka kosmetycznego nas\u0105czonego perfumami, alkoholem lub zmywaczem do paznokci.<\/p>\n<p><strong>CERTYFIKAT AUTENTYCZNO\u015aCI<\/strong><br \/>\nDo ka\u017cdego Totemu do\u0142\u0105czony jest podstemplowany certyfikat autentyczno\u015bci z miejscem na wypisanie intencji dedykowanej obiektowi.<\/p>\n<p><strong>TROSKA O TOTEM<\/strong><br \/>\nTotem nie lubi wilgoci i promieni s\u0142onecznych. Mimo, \u017ce wygl\u0105dem zach\u0119ca, nie jest zabawk\u0105. Przeznaczony do mieszkania we wn\u0119trzach.<\/p>\n<p><strong>Ka\u017cdy Totem jest unikatowy. W szczeg\u00f3\u0142ach mo\u017ce r\u00f3\u017cni\u0107 si\u0119 od tego prezentowanego na zdj\u0119ciach. To dlatego, \u017ce powstaje z organicznej materii, jak\u0105 jest drewno.\u00a0<\/strong><\/p>\n<pre>&lt;-----------------------------------------------------------------------&gt;\r\n<strong>INFORMACJE<\/strong>\r\nROZMIAR: big\r\nMODEL: Hourglass \r\nKOLOR: gradient zielono-niebieski\r\nMATERIA\u0141: drewno bukowe r\u0119cznie malowane (farba akrylowa)\r\nWYMIARY: wysoko\u015b\u0107 29,1 cm \/ \u015brednica podstawy 11,5 cm\r\nFILC: kolor filcu lub pianki na spodzie mo\u017ce si\u0119 r\u00f3\u017cni\u0107 w zale\u017cno\u015bci od egzemplarza<\/pre>\n<p><em>Wymy\u015blony i wyprodukowany w Polsce\ud83c\udf1e<\/em><\/p>\n","protected":false},"excerpt":{"rendered":"<p>Ten Totem by\u0142 malowany r\u0119cznie i z du\u017c\u0105 rado\u015bci\u0105 \ud83d\ude42 Totem powystawowy, w\u0142a\u015bnie wr\u00f3ci\u0142 z wystawy w Strasburgu. Jest w bardzo dobrym stanie \ud83d\ude42<\/p>\n","protected":false},"featured_media":781,"template":"","meta":{"inline_featured_image":false},"product_cat":[53],"product_tag":[50,26,59,21,49],"class_list":["post-558","product","type-product","status-publish","has-post-thumbnail","hentry","product_cat-art","product_tag-art-collection","product_tag-big","product_tag-hourglass","product_tag-totem","product_tag-unikat"],"_links":{"self":[{"href":"https:\/\/totemstudiowarsaw.com\/index.php\/wp-json\/wp\/v2\/product\/558","targetHints":{"allow":["GET"]}}],"collection":[{"href":"https:\/\/totemstudiowarsaw.com\/index.php\/wp-json\/wp\/v2\/product"}],"about":[{"href":"https:\/\/totemstudiowarsaw.com\/index.php\/wp-json\/wp\/v2\/types\/product"}],"wp:featuredmedia":[{"embeddable":true,"href":"https:\/\/totemstudiowarsaw.com\/index.php\/wp-json\/wp\/v2\/media\/781"}],"wp:attachment":[{"href":"https:\/\/totemstudiowarsaw.com\/index.php\/wp-json\/wp\/v2\/media?parent=558"}],"wp:term":[{"taxonomy":"product_cat","embeddable":true,"href":"https:\/\/totemstudiowarsaw.com\/index.php\/wp-json\/wp\/v2\/product_cat?post=558"},{"taxonomy":"product_tag","embeddable":true,"href":"https:\/\/totemstudiowarsaw.com\/index.php\/wp-json\/wp\/v2\/product_tag?post=558"}],"curies":[{"name":"wp","href":"https:\/\/api.w.org\/{rel}","templated":true}]}}