{"id":548,"date":"2023-10-19T18:51:45","date_gmt":"2023-10-19T18:51:45","guid":{"rendered":"https:\/\/totemstudiowarsaw.com\/?post_type=product&#038;p=548"},"modified":"2025-09-22T21:27:02","modified_gmt":"2025-09-22T21:27:02","slug":"totem-silver-aluminium","status":"publish","type":"product","link":"https:\/\/totemstudiowarsaw.com\/index.php\/produkt\/totem-silver-aluminium\/","title":{"rendered":"Aluminium Totem [1 of 23]"},"content":{"rendered":"<p><strong>Totem to rze\u017aba domowa i kolekcjonerski obiekt do wn\u0119trz<\/strong><\/p>\n<p>W\u0142a\u015bnie patrzysz na prawdziwy unikat, aluminiowy Totem z kolekcji Art. Zosta\u0142 wytoczony z prawie 10 kilogram\u00f3w aluminium.<\/p>\n<p>Edycja limitowana, zawiera 23 obiekty w serii.<\/p>\n<p><strong>INTENCJA<\/strong><\/p>\n<p><em>Na spodzie tego Totemu znajduje si\u0119 wygrawerowana na blasze intencja<\/em><em>&#8222;Bliss&#8221;.<\/em><\/p>\n<p><strong>CERTYFIKAT AUTENTYCZNO\u015aCI<\/strong><br \/>\nDo Totemu do\u0142\u0105czony jest podstemplowany certyfikat autentyczno\u015bci z miejscem na wypisanie intencji dedykowanej obiektowi.<\/p>\n<p><strong>TROSKA O TOTEM<\/strong><br \/>\nPrzeznaczony do pi\u0119knych wn\u0119trz.<\/p>\n<p><strong>P.S. Ka\u017cdy Totem jest unikatowy. W szczeg\u00f3\u0142ach mo\u017ce delikatnie r\u00f3\u017cni\u0107 si\u0119 od tego prezentowanego na zdj\u0119ciach, poniewa\u017c powstaje w procesie r\u0119cznego toczenia.\u00a0<\/strong><\/p>\n<pre>&lt;-----------------------------------------------------------------------&gt;\r\n<strong>INFORMACJE\r\n<\/strong>NUMER:  1 of 23 (edycja 23 +3 AP)\r\nROZMIAR: big\r\nMODEL: Hourglass \r\nKOLOR: srebrny\r\nMATERIA\u0141: lite aluminium\r\nWYMIARY: wysoko\u015b\u0107 29,1 cm \/ \u015brednica podstawy 11,5 cm \/ waga oko\u0142o 3kg\r\nINNE: na spodzie czarny filc i aluminiowa blaszka z intencj\u0105 \"Bliss\"<\/pre>\n<p><em>Wymy\u015blony i wyprodukowany w Polsce\ud83c\udf1e<\/em><\/p>\n","protected":false},"excerpt":{"rendered":"<p>Totem to rze\u017aba domowa i kolekcjonerski obiekt do wn\u0119trz W\u0142a\u015bnie patrzysz na prawdziwy unikat, aluminiowy Totem z kolekcji Art. Zosta\u0142 wytoczony z prawie 10 kilogram\u00f3w aluminium. Edycja limitowana, zawiera 23 obiekty w serii. INTENCJA Na spodzie tego Totemu znajduje si\u0119 wygrawerowana na blasze intencja&#8222;Bliss&#8221;. CERTYFIKAT AUTENTYCZNO\u015aCI Do Totemu do\u0142\u0105czony jest podstemplowany certyfikat autentyczno\u015bci z miejscem [&hellip;]<\/p>\n","protected":false},"featured_media":1074,"template":"","meta":{"inline_featured_image":false},"product_cat":[53],"product_tag":[71,50,26,59,21],"class_list":["post-548","product","type-product","status-publish","has-post-thumbnail","hentry","product_cat-art","product_tag-aluminium","product_tag-art-collection","product_tag-big","product_tag-hourglass","product_tag-totem"],"_links":{"self":[{"href":"https:\/\/totemstudiowarsaw.com\/index.php\/wp-json\/wp\/v2\/product\/548","targetHints":{"allow":["GET"]}}],"collection":[{"href":"https:\/\/totemstudiowarsaw.com\/index.php\/wp-json\/wp\/v2\/product"}],"about":[{"href":"https:\/\/totemstudiowarsaw.com\/index.php\/wp-json\/wp\/v2\/types\/product"}],"wp:featuredmedia":[{"embeddable":true,"href":"https:\/\/totemstudiowarsaw.com\/index.php\/wp-json\/wp\/v2\/media\/1074"}],"wp:attachment":[{"href":"https:\/\/totemstudiowarsaw.com\/index.php\/wp-json\/wp\/v2\/media?parent=548"}],"wp:term":[{"taxonomy":"product_cat","embeddable":true,"href":"https:\/\/totemstudiowarsaw.com\/index.php\/wp-json\/wp\/v2\/product_cat?post=548"},{"taxonomy":"product_tag","embeddable":true,"href":"https:\/\/totemstudiowarsaw.com\/index.php\/wp-json\/wp\/v2\/product_tag?post=548"}],"curies":[{"name":"wp","href":"https:\/\/api.w.org\/{rel}","templated":true}]}}